mmon divisor of 65971 and 37?
37
What is the highest common factor of 343577 and 507?
169
What is the greatest common divisor of 4389 and 171?
57
What is the highest common factor of 798927 and 474?
237
What is the highest common divisor of 21480 and 48?
24
Calculate the greatest common factor of 1481 and 1.
1
Calculate the highest common factor of 66 and 44187.
33
What is the greatest common divisor of 11 and 174394?
11
What is the greatest common factor of 4768 and 340316?
596
What is the highest common divisor of 228463 and 755?
151
Calculate the greatest common factor of 306046 and 325.
13
Calculate the highest common divisor of 2565 and 114435.
45
What is the greatest common factor of 591719 and 306?
17
What is the highest common divisor of 23086 and 1853?
17
What is the greatest common divisor of 109 and 1?
1
What is the highest common divisor of 1127838 and 12?
6
What is the highest common divisor of 84 and 3426?
6
Calculate the highest common factor of 10345 and 35.
5
What is the highest common factor of 3614 and 975?
13
Calculate the highest common factor of 1501 and 7979.
79
What is the greatest common factor of 7728 and 3192?
168
What is the greatest common factor of 1159 and 779?
19
Calculate the highest common divisor of 1504816 and 32.
16
Calculate the greatest common factor of 318780 and 42.
42
What is the greatest common factor of 509279 and 22319?
2029
What is the highest common divisor of 107135 and 35?
35
Calculate the greatest common divisor of 243672 and 24.
24
What is the highest common divisor of 7731 and 1215?
9
What is the greatest common factor of 480 and 9312?
96
What is the highest common factor of 56764 and 276?
92
Calculate the greatest common factor of 75 and 18800.
25
Calculate the highest common factor of 110600 and 5075.
175
Calculate the greatest common factor of 582046 and 969.
323
What is the greatest common factor of 1345176 and 84?
84
Calculate the highest common factor of 519459 and 10479.
1497
What is the greatest common factor of 154220 and 50?
10
What is the greatest common divisor of 588 and 376467?
147
What is the greatest common divisor of 106 and 3251762?
106
What is the highest common factor of 6 and 783213?
3
What is the highest common factor of 42 and 37198?
14
What is the greatest common factor of 26 and 17602?
26
Calculate the highest common factor of 1472 and 1920.
64
What is the greatest common divisor of 2809 and 632873?
53
What is the highest common factor of 640 and 287104?
128
What is the highest common factor of 152542 and 78?
26
What is the greatest common divisor of 63163 and 11415?
761
What is the highest common factor of 5146 and 414668?
166
What is the greatest common divisor of 397254 and 6482?
926
What is the highest common factor of 15050 and 2695?
35
What is the highest common factor of 680 and 304520?
40
What is the greatest common divisor of 13463304 and 852?
852
What is the greatest common divisor of 100290 and 12?
6
Calculate the greatest common factor of 3792 and 21093.
237
What is the highest common factor of 983687 and 437?
437
Calculate the greatest common divisor of 512300 and 60.
20
Calculate the greatest common factor of 195 and 7345.
65
What is the highest common divisor of 29096 and 24?
8
What is the greatest common divisor of 9280 and 15040?
320
Calculate the greatest common factor of 18 and 18.
18
What is the highest common factor of 108487 and 65645?
691
Calculate the greatest common divisor of 24 and 39390.
6
What is the highest common divisor of 222202 and 4149?
461
What is the highest common factor of 156751 and 2?
1
Calculate the greatest common factor of 7282 and 1727.
11
Calculate the highest common divisor of 66 and 1976502.
66
Calculate the greatest common factor of 1424 and 22768.
16
What is the greatest common divisor of 896 and 763?
7
What is the highest common divisor of 14043 and 8029?
31
Calculate the highest common divisor of 6021 and 22059.
27
What is the highest common divisor of 1040 and 832?
208
Calculate the greatest common divisor of 3638715 and 15.
15
What is the highest common divisor of 329656 and 16?
8
What is the greatest common divisor of 4078 and 3957699?
2039
What is the highest common divisor of 7 and 24269?
7
What is the highest common divisor of 1827 and 9233?
7
Calculate the greatest common divisor of 156 and 4043.
13
Calculate the greatest common factor of 15565 and 48785.
55
What is the highest common divisor of 139054 and 1506?
502
What is the highest common factor of 328 and 13489?
41
Calculate the greatest common factor of 2418 and 4524.
78
What is the greatest common divisor of 5371 and 14801?
41
What is the highest common factor of 13654 and 196?
2
What is the greatest common factor of 3890 and 323648?
778
Calculate the highest common divisor of 484 and 17798.
22
Calculate the greatest common factor of 92760 and 760.
40
Calculate the highest common factor of 40 and 1235.
5
Calculate the highest common divisor of 267 and 269403.
267
What is the highest common factor of 630476 and 55?
11
Calculate the highest common factor of 17115 and 4935.
105
Calculate the greatest common divisor of 19001272 and 8.
8
What is the greatest common factor of 99 and 23931?
9
What is the greatest common factor of 3822 and 249459?
147
Calculate the highest common factor of 45 and 681.
3
What is the greatest common factor of 6727180 and 1180?
1180
Calculate the greatest common factor of 13676 and 1196.
52
Calculate the highest common factor of 128076 and 39.
39
What is the greatest common divisor of 195 and 3019120?
65
What is the greatest common divisor of 2140 and 263648?
428
Calculate the greatest common divisor of 39344 and 16.
16
What is the highest common divisor of 10970 and 7679?
1097
Calculate the highest common factor of 27 and 102159.
9
What is the greatest common factor of 130 and 5382?
26
What is the highest common divisor of 82352 and 16?
16
Calculate the highest common factor of 46098 and 1404.
234
What is the greatest common divisor of 50708 and 182?
14
Calculate the greatest common divisor of 112 and 89008.
16
What is the greatest common factor of 26655 and 30?
15
Calculate the greatest common factor of 41749 and 1509.
503
Calculate the greatest common factor of 1680 and 56040.
120
What is the highest common divisor of 5518 and 1958?
178
Calculate the greatest common divisor of 36916 and 57891.
839
Calculate the highest common divisor of 8690 and 40.
10
What is the highest common divisor of 495 and 369?
9
What is the greatest common divisor of 39687 and 6?
3
Calculate the greatest common factor of 36195 and 760.
95
What is the greatest common factor of 999 and 5724?
27
Calculate the highest common divisor of 148 and 199726.
74
Calculate the highest common divisor of 11145 and 29.
1
What is the greatest common divisor of 2346848 and 28?
28
What is the highest common factor of 72190 and 7?
1
Calculate the highest common factor of 2 and 46319.
1
Calculate the highest common factor of 16965 and 3.
3
What is the greatest common divisor of 112 and 34664?
56
What is the greatest common divisor of 34391 and 68?
17
Calculate the highest common divisor of 230 and 918413.
23
What is the highest common factor of 4181 and 333?
37
What is the highest common factor of 1732 and 91363?
433
Calculate the greatest common divisor of 348 and 118436.
116
Calculate the highest common divisor of 635526 and 1296.
162
What is the greatest common factor of 32927 and 2280?
19
Calculate the greatest common divisor of 150 and 17425.
25
What is the highest common divisor of 29820 and 1741985?
2485
What is the greatest common factor of 357440 and 20?
20
What is the greatest common factor of 90 and 303440?
10
Calculate the greatest common divisor of 11 and 562727.
11
Calculate the greatest common divisor of 224 and 112672.
224
What is the highest common factor of 18245 and 39160?
445
What is the highest common divisor of 265 and 4251660?
265
What is the greatest common divisor of 75 and 592575?
75
Calculate the highest common divisor of 6456 and 188031.
807
What is the highest common factor of 41003 and 3443?
313
Calculate the greatest common divisor of 377 and 18357.
29
Calculate the highest common factor of 2737 and 2162.
23
Calculate the greatest common